44 - 42)?
-10
Evaluate -20 - (13 + (-54 - -56)).
-35
What is the value of -6 + 3 - 96 - (0 + 11 - (23 + -9))?
-96
Calculate 126 - (-18 + (50 - 37) - -43).
88
Calculate 260 - 240 - (5 + 29).
-14
What is the value of -6 + (3 - -59) + (-69 - -85) + -10 + 1?
63
Evaluate -13 + (-14 - 15) + 22 + 5 + 1 + 1.
-13
Evaluate (-5310 - -5166) + -5 + 253.
104
What is the value of (-30 + -125 - -148) + 1 + 1 + (2 - 4)?
-7
Evaluate (-3 + -23 - -23 - (-1 - -17)) + (0 - 9).
-28
68 - 122 - ((-4 - -2 - -11) + -2)
-61
40 + -29 + -19 + -4 + -5 + -2
-19
What is the value of 18 + (-94 - (-37 + 14)) - (1 + -13) - -13?
-28
82 + -27 + -74 + 20
1
Calculate 8 - (13 + -3 + -4 - 5 - -8).
-1
Calculate -82 + (8 - (21 - 22)) - -31.
-42
What is the value of 2 - 4 - 0 - (40 + -16 + -34) - -21?
29
Calculate 4952 + -4930 + 1 + -52.
-29
Evaluate -9 - (3 + 3 + -2 + (3 - (3 - 1))).
-14
Calculate -1381 + 1361 - (0 + -24).
4
What is -15 - ((-287 - -278) + (-3 - (80 - (-1 + 1))))?
77
Evaluate -54 - (-46 - (-66 + 57)).
-17
Evaluate 2 - (-5 + (28 + -54 - (-3 + -13))).
17
What is (-80 - -36) + (16 - 10 - (-7 + 35))?
-66
Evaluate -22 + 28 + -41 + 68 + -128.
-95
Evaluate (-4 + 8 - (8 + -19)) + (15 - 107).
-77
What is the value of (46 - 59 - 14) + 16?
-11
What is -33 - (-7 - 20) - (-35 + -3)?
32
What is the value of -1 + -12 + -151 + 151 + (2 - -2 - 5)?
-14
20 - (8 + -7 - (15 + (4 - 11)))
27
Evaluate -5 - 0 - (720 + -709).
-16
(49 - (-12 - -84)) + (-1 - -95)
71
38 - ((9 - 21 - -13) + 3)
34
What is the value of -12 + -6 - -21 - (24 + -11)?
-10
Calculate -1191 - -1260 - (-3 + 135).
-63
What is (367 - 362) + (3 + -6 + 6 + 0 - 58)?
-50
Calculate (-20 - (35 - 97)) + -22 + -8.
12
(-1670 - -1692) + (1 - 3) + -71
-51
What is -4 - (34 - -3) - (-1 - 13 - -1)?
-28
27 - -87 - (83 + -44)
75
Calculate (-38 + 35 - (-2 + 34)) + (8 - 3).
-30
What is the value of -54 + 6 + (9 - 15)?
-54
(-2 - 6) + -1 + (2 + 9 - (143 + -145))
4
What is (-7 + 30 - (-18 + -6)) + -19?
28
What is the value of -1 + (-7 - 6) - ((35 - 59) + 37)?
-27
(59 - 3) + 2 + -574 + 560
44
Calculate (6 - (-2 - -12)) + (0 - 31) + -149 + 141.
-43
What is 13 - ((150 - 86) + 23)?
-74
50 + (-6 - (1 + -21 + 17)) + 13
60
Calculate 14 + 5 + (-5 - -2) - (5 + -15).
26
What is the value of -28 + -43 + 34 + 120 + -1?
82
Calculate (-35 - -29) + -56 - -38.
-24
What is -1 - -55 - (-12904 - -12821)?
137
Calculate (-69 - 5) + -46 + -7.
-127
What is -2 - ((-17 - (-52 + -5 + -20)) + 17)?
-79
Evaluate -2 - 63 - (24 - (98 - 45)).
-36
What is the value of (-6 - -25) + -28 - (17 - 8 - -9)?
-27
What is -8 - 102 - (-500 - -471)?
-81
What is 8 + -9 + (18 + -13 - (82 + -6 + 7))?
-79
-54 + 29 - ((14 - 0) + 25 + -32)
-32
What is the value of (-5 - (-1 - -2) - (-119 + 59) - 1) + 1?
54
What is (5 - 2 - (2 + -1)) + (-357 - (-140 + -223))?
8
(3 - -9) + -1 + 14 + -24 + -51
-50
Calculate -6 - (-59 - -68 - (0 + -1 - -48)) - -6.
38
Calculate 91 - (2 + 11 - -8) - 25.
45
-9 + 0 + -2 - (-168 + 159)
-2
Evaluate -21 + (-9 - (25 + -13)) + 2.
-40
Evaluate (119 - (92 - -63)) + 33.
-3
What is the value of (-11 - -3 - 63) + (-7 - (7 - 25))?
-60
What is (-73 - 0) + (-172 - 112 - -277)?
-80
Calculate -35 - -28 - (-7 + -9 + 8 + 50).
-49
(4 - (-4 - 4)) + (10 - -2 - 1)
23
Evaluate -65 - ((10 - -2) + -7 + -20 + 28).
-78
Evaluate (-13 - (-25 - -18) - -3) + 77 + -4.
70
What is (-3 - -22) + -3801 + 3792?
10
Evaluate 65 + (76 - (-59 - -302)).
-102
Calculate -53 + (-10 - (29 - 45)).
-47
What is 4 + 92 - -2 - (246 + -136 - 101)?
89
Evaluate -240 + -133 + 342 - (1 + -10).
-22
Calculate 3 - (1 + 0) - (-1 + (-17 - (4 - 51))).
-27
Calculate (-13 - (5 + -29)) + (-6 - (-9 + 4)).
10
Calculate (0 - 54) + -307 + 322 - (7 - 0).
-46
What is -24 + -12 + (-6 - -7)?
-35
1 - (3 - 6) - (-21 - -90 - 33)
-32
Calculate 1 + (-1 - (-4 + -3)) + 282 + -292 - 29.
-32
What is the value of -1552 + 1589 + -4 + (46 - -5)?
84
What is -871 + 887 + (1 - (2 - 25))?
40
-2 - (11 - 1 - (-22 + 1 - (294 + -313)))
-14
Calculate -123 - (-160 + 51) - (1 + -8) - 119.
-126
Calculate (-124 - (15 + 4 + -42)) + 16.
-85
66 - (10 + (0 - 9) + -8 + 6)
67
Calculate (-8 - 6 - 2) + 22 - (58 - -1).
-53
What is (0 - -1 - (6 + -52)) + 176 + -183?
40
What is the value of -48 + (-76 - (16 + -167))?
27
97 - (92 + -103 + 5 + (0 - -18))
85
What is the value of 48 - 18 - (34 - -6)?
-10
Calculate (11 - 1 - (-12 + (14 - 6) - -4)) + 3.
13
19 - (-11 - 12) - 70
-28
What is -17 - (1 - -1) - (263 - 234)?
-48
What is 3 + 9 + 7 - (115 - 32)?
-64
-2 - -12 - (18 + -15 - 8 - 35)
50
Evaluate -37 + (-14 - 12) + (6 - (9 + 12)).
-78
Evaluate (-40 - (-6 + -9)) + (41 - -26).
42
Evaluate -29 + 8 - -10 - (-15 - 2 - -99).
-93
Evaluate -18 + 0 - (431 - 459).
10
What is the value of (-1007 - -1023) + (-7 - -7 - (-106 + 0 - 2))?
124
What is the value of -1138 - -1150 - (3 + 8 + -4)?
5
Calculate 9 + (1 + -5 - (307 - 306)) - (0 - 19).
23
Calculate -354 + 304 + -15 + 78.
13
Evaluate -24 - (15 - (56 - 17)) - -118.
118
What is 15 + (2 - 1) - (268 + -267 + 31)?
-16
Evaluate 38 + (13 - 30) + -26 + 3.
-2
What is the value of 5 - ((-32 - (-13 - (10 + -4))) + 49)?
-31
Calculate -7 + 0 + 4 - (8 + -10 - -12 - -10).
-23
What is (-28 - 1 - (-166 - -152) - 22) + (-11 - -17)?
-31
Calculate -64 - (-114 - (-147 + 48)).
-49
What is (-15 + 20 - (27 + -1)) + -4 - (2003 + -1997)?
-31
What is the value of 25 + (-31 - 26) - (33 + -25)?
-40
2 + 7 + (24 - 33) + -2 + -2 + -27
-31
Calculate -9 + (-18 - -5) + 80 + -11 + -2.
45
1 - -14 - (-4442 - -4513)
-56
3 + (2 - 16) - (7 + -25) - 46
-39
Evaluate (0 - 14) + -37 + -11 + 16 - (-1 - 1).
-44
Calculate (-27 - 0) + (14 + -3 + -8 + -2 - 11).
-37
Evaluate ((1 - 11) + 16 - -20) + -28.
-2
Calculate 89 + (-36 - 21 - -14).
46
What is 43 + 40 + -77 + (2 - 1 - (3 + -4))?
8
What is (-12 - (-19 + (-14 - -13))) + 10?
18
What is 146 - (117 + 130) - (-2 - -1 - 1)?
-99
(111 + -48 - 62) + -57
-56
Calculate 1 + 2 - (29 + (69 - -8)) - (-1 + -6).
-96
What is the value of -5 + 27 + -12 + 6 + 130 + -115?
31
What is the value of 0 + 1 - (-31 - (-7 + 0 - 4)) - -8?
29
Evaluate 23 - ((21 - 33) + 35 + -111 - -18).
93
12 + (12 - 52) + (83 - 74)
-19
Calculate (39 - 39 - 32) + 71.
39
What is (-11 - (22 + (22 - (24 + -3)))) + 3 + -2?
-33
Evaluate 8 + 7 + -14 - (26 - (-8 + -1 - -5)).
-29
Evaluate -96 - (-9 + (-1 - -1) - -1 - (-20 + 25)).
-83
Calculate -159 + 264 - (-2 + 112).
-5
What is -1 + -6 + (50 - 39) - (-4 - (-3 + 33))?
38
Evaluate -39 - -7 - ((0 - 29) + 123 + -81).
-45
Evaluate (4 + -6 - 33) + 467 + -461.
-29
Calculate -38 - -97 - (41 + 49).
-31
What is the value of -1 + 24 - ((160 - 103) + -71)?
37
0 + 93 + (39 - (18 + (20 - 17)) - 9)
102
What is -50 + -87 - -64 - -39?
-34
What is 112 + 55 + 89 + -197?
59
Evaluate -2 + 64 + -11 + -7 + (12 - (1 - -3)).
52
What is the value of -2 + -1 - (-7 + -14 - (26 + -34))?
10
Calculate 3 + -27 - -21 - 25 - 22.
-50
What is the value of (2 - 43 - -3) + (363 - 355)?
-30
-101 + (-2 - -6) + 25
-72
Calculate -2 + 30 + -11 + -13 - (119 + -6).
-109
Calculate 20 + -2 + -550 + 556.
24
Evaluate 120 + 58 + -74 + -83.
21
What is the value of -1241 + 1137 + (30 - -4 - -2)?
-68
Evaluate -29 - (-86 + 73 + (59 - -1)).
-76
Calculate (563 - 568) + 0 + 7 - (-4 - 110).
116
What is 8 - 4 - (16 - -1) - (-2126 - -2112)?
1
107 + -142 - (-72 - -5)
32
What is the value of -5053 - -4975 - (-33 - -3)?
-48
What is the value of -8 + 4 + 0 - 2 - (20 + -17 - 1)?
-8
What is 5 + (2 - 14) + (13 - 11 - -5) + -47?
-47
Calculate -45 - (-63 + -5 + -15).
38
-29 + 19 + 34 - (-22 - -6)
40
Calculate 98 - -42 - 258 - -70.
-48
Evaluate -4 + 1 - -11 - (1 + (17 - -2 - 16)).
4
Evaluate (-4 - (31 - -6)) + 22.
-19
-10 - -24 - (13 + (-2 - -81))
-78
1 + -19 + (154 - (255 + -28))
-91
Evaluate 9 - (-3 + 56 + -1 + -182 + 185).
-46
Calculate 45 + (39 - (78 + -10)).
16
What is the value of -4 + (13 - -19) + -46 - 5?
-23
What is the value of -17 + 179 - (166 + -115)?
111
Calculate 10 + (-301 - -302 - ((3 - 2) + -2)) + 27.
39
Evaluate 24 + (-20 - (-2 - (13 - -10))).
29
What is the value of -1 + (-210 + 234 - (-19 - -4 - -1))?
37
Calculate (-12 - 1) + (-610 - -602) - -91.
70
Evaluate 8 + -11 + -7 + 6 + 2 + (-43 - 2).
-47
Calculate 40 - (-4 - 2 - -17) - (-8 + 14).
23
What is -9 + (-63 - (-29 + -9 + 15))?
-49
What is 142 + (-116 + -55 - -142)?
113
What is the value of -11 - (67 - (-5 + 1)) - (-3 + (-7 - -2))?
-74